e?
False
Is 200784887 prime?
True
Is 9362501 prime?
True
Is 4269619 composite?
False
Is 2585899 prime?
True
Is 760759 composite?
False
Is 9912373 a prime number?
False
Is 269213861 composite?
True
Is 64750177 composite?
True
Is 1350145807 a prime number?
True
Is 38870837 prime?
True
Is 5383031 a composite number?
False
Is 265037 prime?
True
Is 25428619 prime?
False
Is 5378471 a composite number?
True
Is 20132579 a composite number?
False
Is 64063253 a composite number?
False
Is 854849 a composite number?
False
Is 14628493 a composite number?
True
Is 6388255 a composite number?
True
Is 13516541 a prime number?
True
Is 1738259 a prime number?
False
Is 25820959 a prime number?
True
Is 19095185 composite?
True
Is 339979 a composite number?
True
Is 163355149 a composite number?
False
Is 26880563 a prime number?
False
Is 2074507 a prime number?
True
Is 1828301 prime?
True
Is 3694669 a composite number?
True
Is 3476747 a prime number?
False
Is 14088281 a prime number?
True
Is 509017 a composite number?
True
Is 4827403 a prime number?
False
Is 8230679 a composite number?
False
Is 7338211 prime?
True
Is 15003997 a composite number?
True
Is 990362 a composite number?
True
Is 4208981 prime?
False
Is 148066111 prime?
False
Is 4834931 prime?
False
Is 95171 a prime number?
False
Is 15472511 a composite number?
True
Is 182861717 a composite number?
True
Is 1090519 composite?
False
Is 47369279 composite?
True
Is 2362814 prime?
False
Is 791752283 a composite number?
True
Is 12440089 a prime number?
True
Is 15280271 prime?
False
Is 1664227 a composite number?
False
Is 11204591 a composite number?
True
Is 381733 prime?
False
Is 286894549 a composite number?
True
Is 2108429 composite?
False
Is 158882899 prime?
False
Is 420071807 a composite number?
False
Is 8002517 a prime number?
True
Is 239879441 prime?
True
Is 3735709 prime?
True
Is 433439 a prime number?
True
Is 24558239 composite?
True
Is 326057 prime?
True
Is 3282641 a prime number?
True
Is 93331289 prime?
False
Is 9147647 composite?
True
Is 67298947 a prime number?
False
Is 1831051 prime?
True
Is 3628187 a prime number?
True
Is 8398003 a prime number?
True
Is 5442287 a composite number?
False
Is 36257 prime?
False
Is 66286109 a composite number?
False
Is 5621201 a composite number?
True
Is 11291507 composite?
False
Is 1383089 a prime number?
True
Is 7808729 prime?
False
Is 7663183 composite?
True
Is 46533 a composite number?
True
Is 5963557 prime?
True
Is 162821 composite?
False
Is 1474489 composite?
False
Is 197929381 prime?
False
Is 315366419 a prime number?
True
Is 2641993 a composite number?
False
Is 10946303 a prime number?
False
Is 426610657 composite?
True
Is 2636437 prime?
True
Is 113586667 a composite number?
True
Is 236839 a composite number?
True
Is 7671949 a prime number?
False
Is 28604467 a composite number?
False
Is 5794249 prime?
True
Is 11290939 a composite number?
True
Is 60248509 composite?
False
Is 161461789 composite?
False
Is 78112091 composite?
False
Is 111317 prime?
True
Is 29547314 a prime number?
False
Is 2921861 a prime number?
True
Is 4939937 prime?
False
Is 776188453 a prime number?
True
Is 7351969 prime?
True
Is 17772797 composite?
True
Is 43907317 a prime number?
True
Is 25253031 a composite number?
True
Is 202441 prime?
True
Is 110061929 prime?
False
Is 14395 a composite number?
True
Is 382271 a prime number?
True
Is 162716389 composite?
True
Is 53861881 a composite number?
False
Is 10461563 prime?
False
Is 12530213 prime?
True
Is 9037223 prime?
False
Is 17838893 a prime number?
False
Is 275006219 composite?
False
Is 20245907 a composite number?
True
Is 18618121 prime?
False
Is 76823077 a prime number?
True
Is 16352867 a prime number?
True
Is 240905227 prime?
True
Is 404548253 composite?
False
Is 16226773 prime?
True
Is 609571 prime?
True
Is 2493587 composite?
False
Is 86202637 prime?
False
Is 9016081 prime?
False
Is 84368191 prime?
True
Is 21302069 a prime number?
False
Is 98168314 a prime number?
False
Is 223506227 a composite number?
True
Is 19712059 a composite number?
True
Is 432891371 composite?
True
Is 3238727 a prime number?
True
Is 342572434 a prime number?
False
Is 81153211 a composite number?
True
Is 88589051 a composite number?
False
Is 4789129 prime?
False
Is 123457967 prime?
True
Is 81718489 a composite number?
False
Is 983369 a composite number?
True
Is 16285765 prime?
False
Is 32191118 composite?
True
Is 168599 a composite number?
False
Is 8810653 composite?
True
Is 3883109 a prime number?
True
Is 856579 a composite number?
True
Is 4587827 a composite number?
True
Is 18957854 prime?
False
Is 204845681 a composite number?
False
Is 318338297 a prime number?
True
Is 70696187 a composite number?
False
Is 565692917 a prime number?
True
Is 5541511 a composite number?
True
Is 108042053 a composite number?
True
Is 8161579 a composite number?
False
Is 101806613 composite?
False
Is 296291501 composite?
True
Is 190979 a prime number?
True
Is 6180521 a prime number?
True
Is 56942243 a composite number?
False
Is 1390729 prime?
True
Is 67267097 a composite number?
False
Is 20868563 a prime number?
False
Is 28813801 composite?
False
Is 12850235 a composite number?
True
Is 615693911 a prime number?
False
Is 169005281 prime?
False
Is 67973 a composite number?
True
Is 13398893 composite?
False
Is 1360083019 a prime number?
False
Is 80677763 composite?
False
Is 13028123 prime?
True
Is 10920077 a prime number?
False
Is 18564895 a prime number?
False
Is 9719186 composite?
True
Is 6327341 prime?
False
Is 2005019 a composite number?
False
Is 8039671 a prime number?
True
Is 1776493 prime?
True
Is 9771497 prime?
False
Is 6410059 a prime number?
True
Is 448120511 a prime number?
True
Is 39713987 a composite number?
True
Is 2182783 a prime number?
False
Is 60945351 prime?
False
Is 8487409 a prime number?
False
Is 9690139 composite?
False
Is 1925069 a composite number?
True
Is 45992549 composite?
False
Is 274032959 composite?
False
Is 1059287 prime?
False
Is 23190179 composite?
False
Is 28090411 prime?
True
Is 2536903 prime?
True
Is 1542391 a prime number?
False
Is 163923527 prime?
True
Is 723029 a prime number?
True
Is 5045531 a prime number?
True
Is 11385041 a prime number?
True
Is 223146629 a prime number?
False
Is 3669917 prime?
False
Is 290193 prime?
False
Is 11955103 composite?
True
Is 6012191 a prime number?
True
Is 4940335 a composite number?
True
Is 3540661 a prime number?
True
Is 4749629 prime?
True
Is 7427281 a prime number?
True
Is 647866163 prime?
False
Is 58708709 a composite number?
False
Is 834569 prime?
True
Is 793211 composite?
True
Is 2419877 prime?
False
Is 14381041 composite?
False
Is 41869423 a prime number?
True
Is 9980441 composite?
False
Is 21602699 prime?
False
Is 31624457 a composite number?
False
Is 14802247 a prime number?
True
Is 29230251 a prime number?
False
Is 202211183 a prime number?
True
Is 11557631 a composite number?
True
Is 246838661 a prime number?
True
Is 421573853 a prime number?
True
Is 4738889 a prime number?
False
Is 6269293 a composite number?
False
Is 9270193 a prime number?
False
Is 48616987 composite?
False
Is 29590043 a prime number?
False
Is 563203 prime?
False
Is 96799937 a prime number?
False
Is 4566377 a composite number?
False
Is 338585323 prime?
False
Is 2033539 a composite number?
True
Is 972596363 a composite number?
False
Is 14149829 a prime number?
True
Is 259867 prime?
True
Is 125877599 prime?
False
Is 44439983 prime?
False
Is 7012273 a composite number?
True
Is 5383117 composite?
True
Is 104267 a prime number?
False
Is 44476007 prime?
False
Is 9754223 prime?
False
Is 34481027 composite?
True
Is 26634431 prime?
True
Is 537249859 a composite number?
False
Is 4478839 a prime number?
False
Is 52667363 a composite number?
True
Is 147677219 a composite number?
False
Is 632507347 composite?
False
Is 79566427 a composite number?
False
Is 23383527 a composite number?
True
Is 54058423 composite?
True
Is 4446887 composite?
False
Is 1019507 prime?
False
Is 12292079 a composite number?
True
Is 48782113 a composite number?
False
Is 89307707 composite?
False
Is 480127 prime?
False
Is 3104359 composite?
True
Is 15863335 prime?
False
Is 2670565 a composite number?
True
Is 1398178663 a composite number?
True
Is 15800513 a prime number?
Tru